{"id":831,"date":"2023-05-15T14:20:20","date_gmt":"2023-05-15T14:20:20","guid":{"rendered":"https:\/\/cgs.edu.co\/?page_id=831"},"modified":"2023-08-22T16:07:06","modified_gmt":"2023-08-22T16:07:06","slug":"manzanas-del-cuidado","status":"publish","type":"page","link":"https:\/\/cgs.edu.co\/index.php\/manzanas-del-cuidado\/","title":{"rendered":"Manzanas del Cuidado"},"content":{"rendered":"\n<figure class=\"wp-block-image size-large\"><img loading=\"lazy\" decoding=\"async\" width=\"1024\" height=\"683\" src=\"https:\/\/cgs.edu.co\/wp-content\/uploads\/2023\/07\/WhatsApp-Image-2023-07-26-at-10.29.46-AM-1-1024x683.jpeg\" alt=\"\" class=\"wp-image-1040\" srcset=\"https:\/\/cgs.edu.co\/wp-content\/uploads\/2023\/07\/WhatsApp-Image-2023-07-26-at-10.29.46-AM-1-1024x683.jpeg 1024w, https:\/\/cgs.edu.co\/wp-content\/uploads\/2023\/07\/WhatsApp-Image-2023-07-26-at-10.29.46-AM-1-300x200.jpeg 300w, https:\/\/cgs.edu.co\/wp-content\/uploads\/2023\/07\/WhatsApp-Image-2023-07-26-at-10.29.46-AM-1-768x512.jpeg 768w, https:\/\/cgs.edu.co\/wp-content\/uploads\/2023\/07\/WhatsApp-Image-2023-07-26-at-10.29.46-AM-1.jpeg 1080w\" sizes=\"auto, (max-width: 1024px) 100vw, 1024px\" \/><\/figure>\n\n\n\n<p>Las 20 Manzanas del Cuidado son parte del compromiso de la mandataria para reconocer la labor de cuidado y brindarles a las mujeres m\u00e1s y mejores oportunidades de acceso a educaci\u00f3n flexible, bienestar, empleo, empoderamiento y una vida libre de violencias.&nbsp;<\/p>\n\n\n\n<p>En estos 3 a\u00f1os que lleva la administraci\u00f3n de la alcaldesa, Claudia L\u00f3pez, en las Manzanas del Cuidado&nbsp;se han atendido a 230.000 personas y la meta es, en 2023, brindar un mill\u00f3n de atenciones a trav\u00e9s de las 20 manzanas que dejar\u00e1 listas antes de culminar el a\u00f1o.&nbsp;&nbsp;<\/p>\n\n\n\n<p><a href=\"http:\/\/forms.office.com\/r\/u2SiWcLNan\">LINK PARA DILIGENCIAR EL FORMULARIO DEL COLEGIO GENERAL SANTANDER<\/a><\/p>\n","protected":false},"excerpt":{"rendered":"<p>Las 20 Manzanas del Cuidado son parte del compromiso de la mandataria para reconocer la labor de cuidado y brindarles &hellip; <\/p>\n","protected":false},"author":2,"featured_media":0,"parent":0,"menu_order":0,"comment_status":"closed","ping_status":"closed","template":"","meta":{"footnotes":""},"class_list":["post-831","page","type-page","status-publish","hentry"],"_links":{"self":[{"href":"https:\/\/cgs.edu.co\/index.php\/wp-json\/wp\/v2\/pages\/831","targetHints":{"allow":["GET"]}}],"collection":[{"href":"https:\/\/cgs.edu.co\/index.php\/wp-json\/wp\/v2\/pages"}],"about":[{"href":"https:\/\/cgs.edu.co\/index.php\/wp-json\/wp\/v2\/types\/page"}],"author":[{"embeddable":true,"href":"https:\/\/cgs.edu.co\/index.php\/wp-json\/wp\/v2\/users\/2"}],"replies":[{"embeddable":true,"href":"https:\/\/cgs.edu.co\/index.php\/wp-json\/wp\/v2\/comments?post=831"}],"version-history":[{"count":4,"href":"https:\/\/cgs.edu.co\/index.php\/wp-json\/wp\/v2\/pages\/831\/revisions"}],"predecessor-version":[{"id":1091,"href":"https:\/\/cgs.edu.co\/index.php\/wp-json\/wp\/v2\/pages\/831\/revisions\/1091"}],"wp:attachment":[{"href":"https:\/\/cgs.edu.co\/index.php\/wp-json\/wp\/v2\/media?parent=831"}],"curies":[{"name":"wp","href":"https:\/\/api.w.org\/{rel}","templated":true}]}}

<figure class="wp-block-image size-large"><img loading="lazy" decoding="async" width="1024" height="683" src="https://cgs.edu.co/wp-content/uploads/2023/07/WhatsApp-Image-2023-07-26-at-10.29.46-AM-1-1024x683.jpeg" alt="" class="wp-image-1040" srcset="https://cgs.edu.co/wp-content/uploads/2023/07/WhatsApp-Image-2023-07-26-at-10.29.46-AM-1-1024x683.jpeg 1024w, https://cgs.edu.co/wp-content/uploads/2023/07/WhatsApp-Image-2023-07-26-at-10.29.46-AM-1-300x200.jpeg 300w, https://cgs.edu.co/wp-content/uploads/2023/07/WhatsApp-Image-2023-07-26-at-10.29.46-AM-1-768x512.jpeg 768w, https://cgs.edu.co/wp-content/uploads/2023/07/WhatsApp-Image-2023-07-26-at-10.29.46-AM-1.jpeg 1080w" sizes="auto, (max-width: 1024px) 100vw, 1024px" /></figure>



<p>Las 20 Manzanas del Cuidado son parte del compromiso de la mandataria para reconocer la labor de cuidado y brindarles a las mujeres más y mejores oportunidades de acceso a educación flexible, bienestar, empleo, empoderamiento y una vida libre de violencias.&nbsp;</p>



<p>En estos 3 años que lleva la administración de la alcaldesa, Claudia López, en las Manzanas del Cuidado&nbsp;se han atendido a 230.000 personas y la meta es, en 2023, brindar un millón de atenciones a través de las 20 manzanas que dejará listas antes de culminar el año.&nbsp;&nbsp;</p>



<p><a href="http://forms.office.com/r/u2SiWcLNan">LINK PARA DILIGENCIAR EL FORMULARIO DEL COLEGIO GENERAL SANTANDER</a></p>
